 is the remainder when 2/(14/521) - m/(-49) is divided by 13?
9
Let a = -423 - -431. Suppose -20 = 4*q - a*q, -u + q = -14. What is the remainder when 80 is divided by u?
4
Suppose 0 = -636*k + 657*k - 2373. Let y = 5 - 1. Suppose y*u - 15 = k. Calculate the remainder when u is divided by 17.
15
Let p = 2165 - 1943. What is the remainder when p is divided by 25?
22
Suppose 62 = 6*o - 166. Suppose 3*a = -4*i + 49, -i + 4*a - 2 = -o. Suppose -5*f + 62 = -253. Calculate the remainder when f is divided by i.
15
Suppose -1082 = -5*b + 2*v + 1625, 0 = 5*b - 4*v - 2699. Calculate the remainder when b is divided by 55.
48
Let k(s) = -s**2 - 34*s - 174. Calculate the remainder when 315 is divided by k(-27).
0
Suppose 5*n + 8 = 4*x, -2*x - n + 0*n = -4. Let p = 0 + 27. Calculate the remainder when (-2 - -100)*x/(-10)*-5 is divided by p.
17
Let o = 38665 + -27213. Calculate the remainder when o is divided by 145.
142
Suppose p - 1910 = c, -5726 = -3*p - 3*c + 7*c. What is the remainder when p is divided by 49?
3
Suppose 4*r + 1004 = 4*q, -18*r = 3*q - 14*r - 816. Calculate the remainder when q is divided by 52.
0
Suppose 26*y - 310 = -5*y. Let r = 81 + -37. Let s = r - y. What is the remainder when 101 is divided by s?
33
Let a be 1/(52/(-12) - -4). Let j be 0 + 25 + (-2 - a). Suppose 2*b - j = -n, 7*n + 3*b - 48 = 5*n. Calculate the remainder when 68 is divided by n.
14
Let p = 110 + -71. Let f = -15188 + 15203. What is the remainder when p is divided by f?
9
Let l(w) = -w**2 - 18*w - 38. Let i be l(-13). Suppose -m + 5*k = 23, 0 = -5*k + i - 7. Let d(h) = -2*h + 6. Calculate the remainder when 40 is divided by d(m).
4
Suppose 5*t + 3*f - 158 = 0, 5*t = -13*f + 12*f + 156. What is the remainder when 461 is divided by t?
27
What is the remainder when 157 is divided by (-10)/(-30) + (6 - (-42)/(-18))?
1
Suppose -49*v + 43*v = -492. Suppose -16*l = 15*l - 775. Calculate the remainder when v is divided by l.
7
Calculate the remainder when 17 + -12 - 204/18*66/(-4) is divided by 25.
17
Suppose 4*z - 3*p - 31 = 3*z, 3*z - 5*p = 101. What is the remainder when 1/(-4) - (-5530)/40 is divided by z?
27
Let r = 115 - -92. Calculate the remainder when 582 is divided by r.
168
Let r be 3/5 + (-28)/20*-61. Suppose -6*y - r = -7*y. Let d = 100 - y. What is the remainder when 40 is divided by d?
12
Let x = -180 - -558. What is the remainder when x is divided by (-2)/3 + 4600/60?
74
Let q = 7 - 13. Let m(x) = -x**2 - 19*x - 62. What is the remainder when 45 is divided by m(q)?
13
Suppose 0 = 37*z - 38*z - 6. Calculate the remainder when 87 is divided by -1*4/z*(-342)/(-12).
11
Let h(u) = 6*u + 9. Suppose -2*x - 5*q - 11 = 0, 4*x - 2 - 12 = 2*q. Let j = -3 + 9. What is the remainder when h(x) is divided by j?
3
Let a(l) = -4*l - 13. Suppose -39*w = -42*w - 9. Let x be (-2 - w)*-3*2. Calculate the remainder when 18 is divided by a(x).
7
Let w = 4 - -1. Suppose 43 + 23 = 22*o. Suppose 9 = c + 8, 0 = o*s + 5*c - 17. What is the remainder when w is divided by s?
1
Suppose 2*k = -3*i + 144, -271 - 89 = -5*k + 4*i. Calculate the remainder when 1799 is divided by k.
71
Suppose -m + 0*x - 3*x + 20 = 0, -5*m + 100 = 5*x. What is the remainder when 238*(0 - (-6)/21) is divided by m?
8
Let u = 31017 + -30880. Calculate the remainder when 1331 is divided by u.
98
Let z = 262 + -166. Calculate the remainder when 1246 is divided by z.
94
Suppose 21*s - a = 19*s + 45, -25 = -2*s - 3*a. What is the remainder when 258 is divided by s?
18
Suppose 19*n + 956 = 1203. Let x(d) = d + 77. What is the remainder when x(0) is divided by n?
12
Let b(u) = -2*u**2 + 34*u - 11. What is the remainder when 2789 is divided by b(13)?
92
Suppose 9*n = 14*n + 5, -2*n - 8 = -i. Let o be 4/(-18) + 560/9. Suppose 4*b - o = i. What is the remainder when 29 is divided by b?
12
Suppose 0 = -2*q + 8. Suppose 69 + 789 = 26*g. Calculate the remainder when g is divided by q.
1
Let v(d) = -66*d - 3018. What is the remainder when v(-56) is divided by 332?
14
Let i be (-25)/((-30)/6) + -2. What is the remainder when 70 is divided by 18 - (i/(-12) + 4/16)?
16
Let k(a) = 2*a + 14. Let d be k(-5). Suppose -4*x = -5*s + 1069, d*s = x + 402 + 451. What is the remainder when s is divided by 18?
15
Suppose 21*n - 701 = 420 - 66 + 247. Suppose 5 = -5*f - 0, -5*i - 2*f = 12. Calculate the remainder when n is divided by (32/6)/(i/(-12)).
30
Suppose 4*b - k = 193, 10*b - k = 5*b + 240. Suppose 43*u = 171 + 388. Calculate the remainder when b is divided by u.
8
Let k = -366 - -370. Suppose 448 = 4*j + 4*b, 3*j - k*b - 131 = 233. Calculate the remainder when j is divided by 24.
20
Suppose 2*m - 2*i - 402 = 0, -3*m = -m - 5*i - 402. Calculate the remainder when m is divided by 131.
70
Let k(y) = 30*y - 8. Let v = -46 + 97. Let o = v + -46. Calculate the remainder when k(o) is divided by 16.
14
Calculate the remainder when 3667 is divided by ((54/(-3))/3)/((-6)/21).
13
Suppose -u = -7 + 60. Let s = -16 - u. Suppose 5 = v - 8. What is the remainder when s is divided by v?
11
Let u = 1844 + -1797. Let s(d) = 2*d + 40. Calculate the remainder when u is divided by s(-18).
3
Let x(h) = h**2 - 19*h - 246. What is the remainder when 2267 is divided by x(-11)?
83
Calculate the remainder when (-72800)/(-42) + -10 - 32/(-12) is divided by 24.
22
Let g(k) = 64*k + 3. Let a be g(7). Suppose -s + 2*h - a = 0, -3*h = -1 - 2. Calculate the remainder when s/(-5) + 2/10 is divided by 24.
18
Let j(u) = 161*u + 2796. Suppose 0 = q + 12 - 32. What is the remainder when j(-17) is divided by q?
19
Let k be -1*(-2)/(-10) + (-66447)/(-1035). Suppose -n = -3*f + 287, -k = -4*f - 3*n + 297. Calculate the remainder when f is divided by 25.
19
Suppose 0*o = -18*o - 92340. Suppose 0 = -4*q + 5*i + 76, 0*i + 3*i = -2*q + 16. What is the remainder when o/(-216)*8/5 is divided by q?
10
What is the remainder when (-6)/(-84) - 197660/40*(-1)/7 is divided by 175?
6
Suppose 0 = -60*s + 59*s + 199. Let g = s + -191. Calculate the remainder when 46 is divided by g.
6
Let l = -3763 + 3789. Calculate the remainder when 104 is divided by l.
0
Suppose -40 + 42 = j. Suppose 3*u - 1209 = -3*i, -4*u + 458 = j*i - 356. Calculate the remainder when i is divided by 16.
15
Let f(s) = -s**2 + 7*s + 3. Suppose -19*t + 5280 - 2183 = 0. What is the remainder when t is divided by f(4)?
13
Let p(q) = -7*q**2 - 130*q + 3. Let f be p(-14). Suppose 1102 = 5*v + 3*d + d, 2*v = -5*d + f. Calculate the remainder when v is divided by 33.
20
Let b(u) = -32*u + 6. Let d = -3 + 1. Calculate the remainder when b(d) is divided by 12.
10
Let r(s) = 3 + s + 5 + 11. Let w = 598 + -612. What is the remainder when r(w) is divided by 4?
1
Let g = 4 - -9. Let c(j) = j - 20. Let l be c(g). Let s(u) = -5*u - 16. What is the remainder when 34 is divided by s(l)?
15
Let h = 182144 - 182070. Let s = 35 - 24. What is the remainder when h is divided by s?
8
Let d be 64/480 - (-1074)/45. Calculate the remainder when 168 is divided by (228/(-9))/(d/(-18)).
16
Let i = -71 - -100. Let m(s) = s**2 - 16*s - 245. What is the remainder when i is divided by m(-10)?
14
Let z = 30 + 88. Let j(v) = -100*v + 133. Calculate the remainder when z is divided by j(1).
19
Let i(f) = -f**2 + 14*f + 159. What is the remainder when 56 is divided by i(-7)?
8
Let v be ((-60)/5 - 0)*(-10)/(-15). Let k(t) = -t**3 - 5*t**2 - 2*t - 26. What is the remainder when k(v) is divided by 23?
21
Suppose 0 = -2*y + 22*y - 173 - 3047. What is the remainder when 484 is divided by y?
1
Let j(v) = -4*v**2 + 19*v - 50. Let q(h) = 11*h**2 - 56*h + 150. Let u(k) = 8*j(k) + 3*q(k). Let b = 83 + -50. What is the remainder when u(20) is divided by b?
31
Let u(s) = -6*s**3 - 6*s**2 + s + 8. What is the remainder when u(-2) is divided by (-12)/(-9)*27/2?
12
Calculate the remainder when 1181 is divided by (-74)/(4*(-5)/(7 - -13)).
71
Suppose -43 - 17 = -l. Suppose 219*z - l = 215*z. What is the remainder when 192 is divided by z?
12
Suppose -215 = -3*v - h, -3*v + 99 + 126 = 3*h. What is the remainder when v is divided by (3 + 26)/(0 - -1)?
12
Let z(b) = -135*b + 1725. What is the remainder when 619 is divided by z(12)?
94
Let j(n) = n**2 + 10*n - 34. Suppose -3*w - 3*l = -252, 11*w - 9*w + 4*l - 174 = 0. Calculate the remainder when w is divided by j(-14).